 u(f) be the first derivative of -f**3/3 + 3*f**2 + 7*f - 137. Let m = 11 + -5. Let t be 34/6 - (-2)/m. Give u(t).
7
Let j = -27 + 44. Suppose -j = -m - 14. Let h(s) = 2*s - 4. What is h(m)?
2
Let x(m) = -451*m - 3*m**2 + 450*m + 4*m**2 - 12*m**2. What is x(-1)?
-10
Let p(s) be the second derivative of -s**5/20 + 3*s**4/4 - 4*s**3/3 - 3*s**2/2 + 92*s. Calculate p(8).
-3
Let m(l) be the third derivative of -3*l**4/4 + l**3/6 + 2*l**2 + 95*l. Give m(-1).
19
Let h(m) = -5*m + 6. Let i(u) = 4*u - 7. Let k(x) = -x**3 + 5*x**2 + 5*x + 12. Let j be k(6). Let p(g) = j*i(g) + 5*h(g). What is p(-10)?
-2
Suppose 126 = 253*l - 239*l. Let p(o) = -3*o + 2. Calculate p(l).
-25
Let q(m) = -m**2 + 6*m + 2. Let i(s) = s**2 - 17*s + 21. Let h = 7 - -10. Let z be i(h). Suppose 0*l = 3*l - z. Calculate q(l).
-5
Let o(v) = -10*v + 77. Let s(c) = -7*c + 76. Let r(d) = -2*o(d) + 3*s(d). What is r(0)?
74
Let w(b) be the second derivative of -b**3/3 + b**2/2 + b. Suppose -674 + 844 = -34*d. Give w(d).
11
Let f(a) = -24*a**3 - 12*a**2 + 5 + 13*a**2 + 5*a + 27*a**3. What is f(-2)?
-25
Let f(q) = -27 - 58*q**2 + 15*q**2 + 44*q**2 - 9*q. What is f(13)?
25
Let b(h) be the third derivative of -h**5/60 + 7*h**4/12 - 3*h**3/2 - 98*h**2 - 1. What is b(10)?
31
Let h(l) = -37*l**3 - 5*l**2 - 41*l**3 + 26 + 79*l**3 - 24. Calculate h(2).
-10
Suppose 9 = -2*p - p - 3*f, -4*f = 2*p. Let q(t) = t**2 + 2*t - 9. Give q(p).
15
Let t = -143 - -30. Let i = t + 119. Let u(l) = l**3 - 5*l**2 - 5*l - 8. Calculate u(i).
-2
Let b(g) = -2*g**2 - 8*g + 5. Let z be 12*(6 - (-26)/(-4)). Determine b(z).
-19
Let p(t) = t + 1 + 2 - 5. Let b be 184/(-32) - ((-15)/(-12) + -2). Calculate p(b).
-7
Let j(r) be the second derivative of r**3/6 - 37*r. Let u(o) = 5*o - 8. Let d be u(3). Determine j(d).
7
Let d(w) = -w + 5. Let k be d(9). Let p = 3 + k. Let v(o) = o + 1 + o**3 + 0*o**3 - 2*o**3. Calculate v(p).
1
Let s(w) = w**3 + w + 7. Let j(t) = t**3 + 7*t**2 + 9*t - 12. Let r be j(-4). Determine s(r).
7
Let r(s) be the first derivative of 2*s**3/3 + 3*s**2 + 4*s - 221. Determine r(-3).
4
Let c(m) = m**2 - 3*m - 3. Suppose -5*b - 3*p = -8 + 1, -5 = 5*p. Let i(d) = -d**3 + 4*d**2 - d + 2. Let f be i(b). Let w be f/3 + (-2)/(-6). What is c(w)?
-3
Suppose 4*k - 12 = 2*m, -179*k - 5*m = -178*k - 3. Let r(t) = -6 + 1 + 3 + t. Give r(k).
1
Let d(n) = -n**3 + n**2 + 14*n - 6. Let l be d(4). Let a(i) = -2*i**2 + 2*i - 2. What is a(l)?
-6
Let f(z) = 4*z**3 + 9*z**2 + 10*z + 10. Let d(r) = 5*r**3 + 10*r**2 + 11*r + 11. Let q(i) = -3*d(i) + 4*f(i). Let y = 141 + -146. Give q(y).
-3
Let a(q) be the second derivative of q**5/60 + q**4/24 - 5*q**2 - 48*q. Let z(d) be the first derivative of a(d). Determine z(0).
0
Let k(g) = 4 + 25*g**3 - g - 2*g**2 + 17*g**3 + 19*g**3 - 63*g**3. Determine k(3).
-71
Let z(g) = 9*g**2 + 12*g - 2. Let u(m) = 4*m**2 + 6*m - 1. Let c(t) = 7*u(t) - 3*z(t). Let n be c(-7). Let p(d) = -d**2 + 5*d + 1. Calculate p(n).
-5
Let z(y) = y**3 + 4*y**2 - 2*y + 2. Let x = 407 + -411. Determine z(x).
10
Suppose -131*j = -154*j. Let x(t) be the third derivative of j*t + 0 + 6*t**2 + 5/6*t**3 - 1/24*t**4. What is x(0)?
5
Let y(i) = i**2 - 5*i + 1. Suppose 6*x = 3*x + 12. Suppose 8*j - 24 = x*j. What is y(j)?
7
Let z(a) = 78 + 21*a - 26*a - 164 + 77. What is z(-8)?
31
Let n(r) = -7*r + 3. Let b be n(2). Let l = 15 + b. Let h(g) = g**2 - 2 - g**2 + g**2 - 2*g. Calculate h(l).
6
Let z(m) = 3. Let j(i) = -i - 27. Let x(f) = -2*j(f) - 18*z(f). What is x(10)?
20
Let f(c) = 77*c + 1 - 36*c - 40*c. Give f(2).
3
Suppose f + 14 = 12, -3*v - 5*f = -8. Let h(w) = -6*w**2 + 12*w - 2. Let b(o) = 5*o**2 - 11*o + 2. Let u(t) = -5*b(t) - 4*h(t). Give u(v).
4
Suppose -13 = -7*x - 34. Let v(b) = 7*b + 7. Let p(q) = 20*q + 20. Let k(i) = 6*p(i) - 17*v(i). Give k(x).
-2
Suppose -3*x = 2*w - 11 - 1, 20 = 4*w + 4*x. Let o(f) = 35*f + f**w - 28*f - 3 - 1 + 7*f**2. Let y be 5/(2/(-2)) + -1. Determine o(y).
-10
Let j(v) = -3*v. Suppose -x = 5 + 4. Let s = x - 6. Let u = s - -17. Give j(u).
-6
Let k(a) be the third derivative of a**6/120 - a**5/5 + 13*a**4/24 - 19*a**3/6 + 5*a**2 + 59*a. Give k(11).
3
Let l(z) be the third derivative of z**7/840 - z**6/60 + z**5/60 - 7*z**4/24 - 11*z**3/6 + 5*z**2. Let i(y) be the first derivative of l(y). Give i(6).
5
Let u(y) = -2*y**2 + 2*y + 6. Let q(i) = i**3 + 13*i**2 - 12*i + 24. Let o be q(-14). What is u(o)?
-34
Let z be (-8)/12*(1 - -5). Let x(d) be the second derivative of -5*d**3/6 - 5*d + 18. Give x(z).
20
Let n(t) = -t**3 + 4*t**2 + 5*t - 6. Let m be (8/12)/(3/9). Suppose 0 = 2*h - m*v - 42, 2*h + v - 63 = -9. Suppose -5*r = -0*r - h. What is n(r)?
-6
Let h(y) = -y**3 - 13*y**2 + 16*y + 31. Let z be h(-14). Let b(v) be the first derivative of v**3/3 - 3*v**2/2 - 3*v + 2. Give b(z).
-3
Let u be 6*-4*(-1)/8. Let w(r) = -3 + 5 - u*r - r + 5*r. Give w(6).
8
Let u(y) = -28*y - 44. Let v(l) = -5*l - 9. Let x(o) = -2*u(o) + 11*v(o). Give x(8).
-3
Let k(i) be the first derivative of i**4/4 - 4*i**3/3 + 3*i**2/2 - 5*i - 1. Let j = 2072 + -2068. Determine k(j).
7
Let b(i) be the third derivative of 0 + 0*i - 45*i**2 - 1/60*i**5 - 1/8*i**4 - 1/6*i**3. What is b(-2)?
1
Let y(l) = 4*l - 4. Let r(t) = t**2 - 10*t - 23. Let o be r(17). Suppose 7*p - 3*p = -o. Let m be p/32*(-2 + -2). Give y(m).
8
Let k(f) be the third derivative of -f**4/24 - f**3/3 - f**2. Suppose -4*j - a + 20 = -3*a, -3*j + 6 = 3*a. Determine k(j).
-6
Let y(b) = -b**2 - 17*b - 21. Let g be y(-6). Suppose -3*s + g = 5*h, -h = h - 3*s - 18. Let v(l) = -l**2 + 8*l - 3. Give v(h).
-12
Let p(f) = 6*f**3 - f**2 - 3*f + 3. Let h(d) = 2*d**3 - 2*d + 1. Let x(v) = 2*h(v) - p(v). Determine x(-3).
65
Let q(b) = 5*b. Let d = 30 - 16. Let z = d + -10. Suppose i = -i - z. What is q(i)?
-10
Let l(k) = k**3 - 2*k**2 - k - 1. Suppose 0*c = 5*c. Suppose 2*i = -c*i. Suppose 4 = 2*v - i. What is l(v)?
-3
Let g = -49 - -84. Let r(j) = -9 - 18 + j + g. What is r(-4)?
4
Let u(c) = 3*c - 12. Let i be (9/(-6))/(252/80 + -3). Let h be -4*(i/(-5) - 4). What is u(h)?
12
Let q(t) = t**2 + 5*t + 1. Let j = 9 + -4. Suppose -j*b + 0*h = 4*h, 4*b + 5*h + 9 = 0. Suppose -4*a + 1 = -3*d - 0, a = b*d + 10. Determine q(d).
-5
Let a(g) = -5*g + 46 - 27 - 64. Determine a(-10).
5
Let o(q) be the second derivative of q**3/2 + 7*q**2/2 - 787*q. What is o(4)?
19
Let j(u) be the third derivative of 1/6*u**4 - 11*u**2 - 1/3*u**3 + 0 + 0*u. Calculate j(2).
6
Suppose -42 = 6*s - 12. Let v(d) = d**2 + 5*d - 12. Calculate v(s).
-12
Let f(k) = 13*k - 14. Let g(s) = 6*s - 7. Let x(v) = 4*f(v) - 9*g(v). Suppose 4*r + 4*n = 19 - 7, 0 = -3*r + 5*n + 33. Give x(r).
-5
Let g(u) = -u**3 + 5*u**2 - 2*u - 4. Let y(t) = 3*t**3 + t**2 - 5*t + 3. Let d be y(2). Suppose d = -f + 8*f. Give g(f).
8
Suppose 1586 - 1622 = 12*d. Let f(q) = q**3 + 4*q**2 + 11*q + 21. What is f(d)?
-3
Let j = -84 + 102. Let y be -2*1*(-14)/4. Suppose j = -10*k + y*k. Let l(z) = -z**3 - 5*z**2 + 7*z + 7. Give l(k).
1
Let f(a) be the third derivative of 11*a**4/24 - a**3/6 + 225*a**2 + 2. Calculate f(-1).
-12
Let h = 6 + -3. Let a be (3/9)/(1/h). Let i(c) = -371 - c - 374 + 7*c**2 + 745. Give i(a).
6
Let i be (2/4)/(122/(-1464)). Let o(t) = -t**3 - 6*t**2 - 6. Determine o(i).
-6
Let p be (3 - 3)*(-5)/((-30)/(-3)). Let a(u) = 27*u**2 + 5 + 0*u - 26*u**2 + u. Determine a(p).
5
Let m(y) = -4*y - 11. Suppose -2*t = -4*t + n + 5, 4*t + 2*n - 22 = 0. Give m(t).
-27
Let v = -85 - -86. Let k(d) = 9*d**3 - 3*d**2 - d - 2. Let t(z) = z**3 - 2*z**3 + z + 3 - 2 + z**2. Let f(u) = -k(u) - 2*t(u). What is f(v)?
-7
Let u(r) = r**2 + 9*r + 1. Let n be u(-10). Let z(k) = n*k - 8*k - 2*k. Determine z(3).
3
Let h(f) = 15*f - 19. Let l(x) = -10*x + 13. Let d(r) = -5*h(r) - 7*l(r). Suppose -3*t = -z - 8, 10*t + 4 = 11*t + z. Calculate d(t).
-11
Suppose 5*k + 0*k = 4*l + 25, 0 = -2*k + 4*l + 10. Let p(m) = -m**2 + 6*m + 1. What is p(k)?
6
Suppose 4*f = 291*t - 292*t, 4*f = -3*t. Let w(j) be the third derivative of f - 4*j**2 + 0*j - 1/3*j**3 + 1/24*j**4. Calculate w(-7).
-9
Let m be (-2)/(2/(-3))*(-4)/(-4). Let w(u) = -15 + m + u + 0*u. Calculate w(11).
-1
Let t be ((-4)/((-32)/30))/((-1)/(-4)). Suppose 3*g + t = -u + 2, 3*u - 33 = 3*g. Let a(j) = 3*j + 7. What is a(g)?
-11
Let m(x) = 816*x + 3*x**2 - 1642*x + 1 + 810*x. Determine m(6